{"id":1881,"date":"2021-10-13T16:33:04","date_gmt":"2021-10-13T15:33:04","guid":{"rendered":"http:\/\/www.hydroservice.fr\/?page_id=1881"},"modified":"2025-01-06T17:54:39","modified_gmt":"2025-01-06T16:54:39","slug":"depannage-flexible-hydraulique","status":"publish","type":"page","link":"http:\/\/www.hydroservice.fr\/?page_id=1881","title":{"rendered":"D\u00e9pannage Flexible Hydraulique"},"content":{"rendered":"<p><img loading=\"lazy\" decoding=\"async\" class=\"wp-image-1896 aligncenter\" src=\"http:\/\/www.hydroservice.fr\/wp-content\/uploads\/Linkedin-Banner-Camion-flexible-1024x256.png\" alt=\"\" width=\"836\" height=\"209\" srcset=\"http:\/\/www.hydroservice.fr\/wp-content\/uploads\/Linkedin-Banner-Camion-flexible-1024x256.png 1024w, http:\/\/www.hydroservice.fr\/wp-content\/uploads\/Linkedin-Banner-Camion-flexible-300x75.png 300w, http:\/\/www.hydroservice.fr\/wp-content\/uploads\/Linkedin-Banner-Camion-flexible-768x192.png 768w, http:\/\/www.hydroservice.fr\/wp-content\/uploads\/Linkedin-Banner-Camion-flexible-700x175.png 700w, http:\/\/www.hydroservice.fr\/wp-content\/uploads\/Linkedin-Banner-Camion-flexible-520x130.png 520w, http:\/\/www.hydroservice.fr\/wp-content\/uploads\/Linkedin-Banner-Camion-flexible-360x90.png 360w, http:\/\/www.hydroservice.fr\/wp-content\/uploads\/Linkedin-Banner-Camion-flexible-250x63.png 250w, http:\/\/www.hydroservice.fr\/wp-content\/uploads\/Linkedin-Banner-Camion-flexible-100x25.png 100w, http:\/\/www.hydroservice.fr\/wp-content\/uploads\/Linkedin-Banner-Camion-flexible.png 1584w\" sizes=\"(max-width: 836px) 100vw, 836px\" \/><\/p>\n<h2 style=\"text-align: center;\"><strong>Service de d\u00e9pannage flexible sur site !<\/strong><\/h2>\n<p style=\"text-align: center;\">Il n\u2019est jamais agr\u00e9able de devoir interrompre un \u00e9quipement \u00e0 cause d\u2019un probl\u00e8me de flexible. C&rsquo;est pour\u00a0r\u00e9pondre au mieux, aux besoins des professionnels mobile (Agricole, Travaux Publics) et\u00a0Industriels que nous\u00a0avons d\u00e9velopp\u00e9s ce nouveau service<\/p>\n<p style=\"text-align: center;\">\u00c9quip\u00e9\u00a0de plus de 350 r\u00e9f\u00e9rences (coupleurs, raccords, embouts, bagues, joints&#8230;)\u00a0 et plus de 10 tailles de flexibles diff\u00e9rents, notre camion et notre \u00e9quipe mobile se tiennent pr\u00eats pour intervenir rapidement sur votre site afin de limiter le temps d&rsquo;immobilisation de votre \u00e9quipement.<\/p>\n<p style=\"text-align: center;\"><strong>2 ateliers mobiles<\/strong> sont maintenant \u00e0 votre service, un bas\u00e9 \u00e0 Limoges (<strong>87 &#8211; Haute Vienne<\/strong>) et le deuxi\u00e8me \u00e0 cot\u00e9 de Poitiers (<strong>86 &#8211; Vienne<\/strong>).<\/p>\n<h2 style=\"text-align: center;\">\u00a0<strong>Zone de d\u00e9placement et tarifs<\/strong><\/h2>\n<p style=\"text-align: center;\">Ces tarifs correspondent aux <strong>horaires standard<\/strong> (Lundi au Vendredi de 8h \u00e0 18h), hors de ces horaires les tarifs sont <strong>doubl\u00e9s<\/strong>.<\/p>\n<p style=\"text-align: center;\"><a href=\"http:\/\/www.hydroservice.fr\/wp-content\/uploads\/zone-depanage.png\"><img loading=\"lazy\" decoding=\"async\" class=\"alignnone wp-image-2176\" src=\"http:\/\/www.hydroservice.fr\/wp-content\/uploads\/zone-depanage.png\" alt=\"\" width=\"864\" height=\"561\" srcset=\"http:\/\/www.hydroservice.fr\/wp-content\/uploads\/zone-depanage.png 808w, http:\/\/www.hydroservice.fr\/wp-content\/uploads\/zone-depanage-300x195.png 300w, http:\/\/www.hydroservice.fr\/wp-content\/uploads\/zone-depanage-768x499.png 768w, http:\/\/www.hydroservice.fr\/wp-content\/uploads\/zone-depanage-700x455.png 700w, http:\/\/www.hydroservice.fr\/wp-content\/uploads\/zone-depanage-520x338.png 520w, http:\/\/www.hydroservice.fr\/wp-content\/uploads\/zone-depanage-360x234.png 360w, http:\/\/www.hydroservice.fr\/wp-content\/uploads\/zone-depanage-250x162.png 250w, http:\/\/www.hydroservice.fr\/wp-content\/uploads\/zone-depanage-100x65.png 100w\" sizes=\"(max-width: 864px) 100vw, 864px\" \/><\/a><\/p>\n<div>\n<div><\/div>\n<p style=\"text-align: center;\"><a href=\"http:\/\/www.hydroservice.fr\/wp-content\/uploads\/texte-depanage.png\"><img loading=\"lazy\" decoding=\"async\" class=\"alignnone wp-image-2177\" src=\"http:\/\/www.hydroservice.fr\/wp-content\/uploads\/texte-depanage.png\" alt=\"\" width=\"862\" height=\"33\" srcset=\"http:\/\/www.hydroservice.fr\/wp-content\/uploads\/texte-depanage.png 802w, http:\/\/www.hydroservice.fr\/wp-content\/uploads\/texte-depanage-300x12.png 300w, http:\/\/www.hydroservice.fr\/wp-content\/uploads\/texte-depanage-768x30.png 768w, http:\/\/www.hydroservice.fr\/wp-content\/uploads\/texte-depanage-700x27.png 700w, http:\/\/www.hydroservice.fr\/wp-content\/uploads\/texte-depanage-520x20.png 520w, http:\/\/www.hydroservice.fr\/wp-content\/uploads\/texte-depanage-360x14.png 360w, http:\/\/www.hydroservice.fr\/wp-content\/uploads\/texte-depanage-250x10.png 250w, http:\/\/www.hydroservice.fr\/wp-content\/uploads\/texte-depanage-100x4.png 100w\" sizes=\"(max-width: 862px) 100vw, 862px\" \/><\/a><\/p>\n<h2 style=\"text-align: center;\"><strong>Options<\/strong><\/h2>\n<p style=\"text-align: center;\">Lors de la confection du flexible, HSC liste les <strong>caract\u00e9ristiques du flexible<\/strong> (Longueur et type du tuyau, type et orientation des raccords, application cible, date de confection). Une <strong>\u00e9tiquette sp\u00e9cifique<\/strong> est coll\u00e9e sur le flexible. Cette \u00e9tiquette a un identifiant, un code bar. Cet identifiant unique permet d\u2019acc\u00e9der aux caract\u00e9ristiques du flexible confectionn\u00e9. Un <strong>listing global<\/strong> est disponible sur un site web avec tous\u00a0<strong>vos flexibles confectionn\u00e9s par HSC<\/strong>.<\/p>\n<p style=\"text-align: center;\"><a href=\"http:\/\/www.hydroservice.fr\/wp-content\/uploads\/options-depanage.png\"><img loading=\"lazy\" decoding=\"async\" class=\"alignnone size-full wp-image-2178\" src=\"http:\/\/www.hydroservice.fr\/wp-content\/uploads\/options-depanage.png\" alt=\"\" width=\"666\" height=\"222\" srcset=\"http:\/\/www.hydroservice.fr\/wp-content\/uploads\/options-depanage.png 666w, http:\/\/www.hydroservice.fr\/wp-content\/uploads\/options-depanage-300x100.png 300w, http:\/\/www.hydroservice.fr\/wp-content\/uploads\/options-depanage-520x173.png 520w, http:\/\/www.hydroservice.fr\/wp-content\/uploads\/options-depanage-360x120.png 360w, http:\/\/www.hydroservice.fr\/wp-content\/uploads\/options-depanage-250x83.png 250w, http:\/\/www.hydroservice.fr\/wp-content\/uploads\/options-depanage-100x33.png 100w\" sizes=\"(max-width: 666px) 100vw, 666px\" \/><\/a><\/p>\n<p style=\"text-align: center;\"><a href=\"http:\/\/www.hydroservice.fr\/wp-content\/uploads\/appoint-huile-depanage.png\"><img loading=\"lazy\" decoding=\"async\" class=\"alignnone size-full wp-image-2179\" src=\"http:\/\/www.hydroservice.fr\/wp-content\/uploads\/appoint-huile-depanage.png\" alt=\"\" width=\"783\" height=\"124\" srcset=\"http:\/\/www.hydroservice.fr\/wp-content\/uploads\/appoint-huile-depanage.png 783w, http:\/\/www.hydroservice.fr\/wp-content\/uploads\/appoint-huile-depanage-300x48.png 300w, http:\/\/www.hydroservice.fr\/wp-content\/uploads\/appoint-huile-depanage-768x122.png 768w, http:\/\/www.hydroservice.fr\/wp-content\/uploads\/appoint-huile-depanage-700x111.png 700w, http:\/\/www.hydroservice.fr\/wp-content\/uploads\/appoint-huile-depanage-520x82.png 520w, http:\/\/www.hydroservice.fr\/wp-content\/uploads\/appoint-huile-depanage-360x57.png 360w, http:\/\/www.hydroservice.fr\/wp-content\/uploads\/appoint-huile-depanage-250x40.png 250w, http:\/\/www.hydroservice.fr\/wp-content\/uploads\/appoint-huile-depanage-100x16.png 100w\" sizes=\"(max-width: 783px) 100vw, 783px\" \/><\/a><\/p>\n<\/div>\n<div style=\"text-align: center;\">Nous pouvons \u00e9galement r\u00e9aliser\u00a0une expertise de vos flexibles sur\u00a0vos installations.<\/div>\n<div>\n<h3 style=\"text-align: center;\">Pour tous vos\u00a0d\u00e9pannages de flexibles hydrauliques urgents et non urgents:<\/h3>\n<h2 style=\"text-align: center;\"><strong>Zone 86 &#8211; St\u00e9phane &#8211; 07.54.35.54.39 <\/strong><\/h2>\n<h2 style=\"text-align: center;\"><strong>Zone 87 &#8211; William &#8211; 07.43.01.16.83<\/strong><\/h2>\n<h2 style=\"text-align: center;\"><strong>Agence de Limoges &#8211;\u00a0<\/strong><strong>05.55.30.21.61<\/strong><\/h2>\n<\/div>\n<p>Vous pouvez \u00e9galement t\u00e9l\u00e9charger notre <strong>plaquette\u00a0&laquo;&nbsp;D\u00e9pannage flexible hydraulique&nbsp;&raquo;<\/strong>:\u00a0<a href=\"http:\/\/www.hydroservice.fr\/wp-content\/uploads\/Flyer-camion-flexible.pdf\">D\u00e9pannage flexible hydraulique<\/a><\/p>\n<p>Plus d&rsquo;informations sur la gestion et tra\u00e7abilit\u00e9 des flexibles\u00a0sur notre <strong>plaquette\u00a0&laquo;&nbsp;HSC Gestion Flexibles&nbsp;&raquo;<\/strong> :\u00a0<a href=\"http:\/\/www.hydroservice.fr\/wp-content\/uploads\/HSC-Gestion-Flexibles.pdf\">HSC Gestion Flexibles<\/a><\/p>\n","protected":false},"excerpt":{"rendered":"<p>Service de d\u00e9pannage flexible sur site ! Il n\u2019est jamais agr\u00e9able de devoir interrompre un \u00e9quipement \u00e0 cause d\u2019un probl\u00e8me de flexible. C&rsquo;est pour\u00a0r\u00e9pondre au mieux, aux besoins des professionnels mobile (Agricole, Travaux Publics) et\u00a0Industriels que nous\u00a0avons d\u00e9velopp\u00e9s ce nouveau [&hellip;]<\/p>\n","protected":false},"author":1,"featured_media":0,"parent":49,"menu_order":0,"comment_status":"closed","ping_status":"closed","template":"page-templates\/page_fullwidth.php","meta":{"footnotes":""},"_links":{"self":[{"href":"http:\/\/www.hydroservice.fr\/index.php?rest_route=\/wp\/v2\/pages\/1881"}],"collection":[{"href":"http:\/\/www.hydroservice.fr\/index.php?rest_route=\/wp\/v2\/pages"}],"about":[{"href":"http:\/\/www.hydroservice.fr\/index.php?rest_route=\/wp\/v2\/types\/page"}],"author":[{"embeddable":true,"href":"http:\/\/www.hydroservice.fr\/index.php?rest_route=\/wp\/v2\/users\/1"}],"replies":[{"embeddable":true,"href":"http:\/\/www.hydroservice.fr\/index.php?rest_route=%2Fwp%2Fv2%2Fcomments&post=1881"}],"version-history":[{"count":0,"href":"http:\/\/www.hydroservice.fr\/index.php?rest_route=\/wp\/v2\/pages\/1881\/revisions"}],"up":[{"embeddable":true,"href":"http:\/\/www.hydroservice.fr\/index.php?rest_route=\/wp\/v2\/pages\/49"}],"wp:attachment":[{"href":"http:\/\/www.hydroservice.fr\/index.php?rest_route=%2Fwp%2Fv2%2Fmedia&parent=1881"}],"curies":[{"name":"wp","href":"https:\/\/api.w.org\/{rel}","templated":true}]}}