{"id":1857,"date":"2021-02-24T11:32:21","date_gmt":"2021-02-24T10:32:21","guid":{"rendered":"http:\/\/www.hydroservice.fr\/?page_id=1857"},"modified":"2025-01-08T17:06:19","modified_gmt":"2025-01-08T16:06:19","slug":"prevost-connectique-pneumatique-2","status":"publish","type":"page","link":"http:\/\/www.hydroservice.fr\/?page_id=1857","title":{"rendered":"RENNER &#8211; Compresseurs"},"content":{"rendered":"<p><img loading=\"lazy\" decoding=\"async\" class=\"wp-image-2071 aligncenter\" src=\"http:\/\/www.hydroservice.fr\/wp-content\/uploads\/Logo-Renner-300x92.png\" alt=\"\" width=\"339\" height=\"104\" srcset=\"http:\/\/www.hydroservice.fr\/wp-content\/uploads\/Logo-Renner-300x92.png 300w, http:\/\/www.hydroservice.fr\/wp-content\/uploads\/Logo-Renner-360x110.png 360w, http:\/\/www.hydroservice.fr\/wp-content\/uploads\/Logo-Renner-250x76.png 250w, http:\/\/www.hydroservice.fr\/wp-content\/uploads\/Logo-Renner-100x31.png 100w, http:\/\/www.hydroservice.fr\/wp-content\/uploads\/Logo-Renner.png 402w\" sizes=\"(max-width: 339px) 100vw, 339px\" \/><\/p>\n<p style=\"text-align: center;\">COMPRESSEURS MADE IN GERMANY<\/p>\n<div id=\"cc-m-13770324227\" class=\"j-module n j-text \">\n<p><b>RENNER<\/b>, fond\u00e9 en 1994, est une marque <b>allemande<\/b> de\u00a0<b>compresseurs et <\/b><b>de traitement d\u2019air<\/b>. N\u00e9e de la volont\u00e9 de ses fondateurs de <strong>r\u00e9pondre aux attentes des clients<\/strong>, que ce soit dans une petite entreprise artisanale ou un grand groupe industriel, dans l&rsquo;agriculture ou dans le secteur m\u00e9dical.<\/p>\n<p><strong>RENNER<\/strong>\u00a0propose une <strong>large gamme<\/strong> allant du <b>simple compresseur <\/b>\u00e0 la <b>station d&rsquo;air comprim\u00e9 compl\u00e8te<\/b>; des solutions rapides, sur mesure et individuelles pour chaque besoin en air comprim\u00e9 dans les industries les plus diverses.<\/p>\n<\/div>\n<div id=\"cc-m-13770325027\" class=\"j-module n j-spacing \"><strong>RENNER<\/strong> est une entreprise <strong>familiale<\/strong>, de taille moyenne propose des installations d\u2019<strong>air comprim\u00e9 rentables<\/strong> pour le travailleur ambitieux, l\u2019industrie et le commerce. Les compresseurs <strong>RENNER<\/strong> de <strong>haute qualit\u00e9<\/strong> constituent le premier choix pr\u00e9cis\u00e9ment dans des domaines qui n\u00e9cessitent un approvisionnement <strong>fiable en air comprim\u00e9<\/strong>. La marque poss\u00e8de <strong>diff\u00e9rents types de produits<\/strong> dans le domaine de l&rsquo;<strong>air comprim\u00e9<\/strong> :<\/div>\n<div id=\"cc-m-11892341627\" class=\"j-module n j-text \">\n<ul>\n<li>Les <strong>compresseurs \u00e0 vis, injection d&rsquo;huile<\/strong><\/li>\n<li>Les <strong>compresseurs sans huile<\/strong><\/li>\n<li>Les <strong>compresseurs \u00e0 piston<\/strong><\/li>\n<li>Les <strong>syst\u00e8mes de contr\u00f4le<\/strong><\/li>\n<li>Le <strong>traitement d&rsquo;air comprim\u00e9 :\u00a0<\/strong>s\u00e9parateurs cyclones, filtre \u00e0 air, purgeur de condensat&#8230;<\/li>\n<li>Les <strong>r\u00e9servoirs \/ flexibles<\/strong><\/li>\n<\/ul>\n<h3><strong>Le secret de la r\u00e9ussite de RENNER : Esprit de partenariat, centr\u00e9 sur les services, fiable et d\u00e9lais de livraison courts<\/strong><\/h3>\n<div class=\"ce-textpic ce-right ce-intext\">\n<div class=\"ce-bodytext\">\n<p>Capacit\u00e9 d\u2019<strong>innovation<\/strong> et <strong>normes de qualit\u00e9 \u00e9lev\u00e9es<\/strong> associ\u00e9es au sens coh\u00e9rent de l\u2019orientation vers les besoins des clients ainsi qu\u2019un<strong> bon rapport qualit\u00e9\/prix<\/strong>\u00a0: voil\u00e0 le secret de la r\u00e9ussite de <strong>RENNER<\/strong>.<\/p>\n<p>Lorsque vous choisissez un <strong>compresseur<\/strong> fabriqu\u00e9 dans notre entreprise, vous pouvez \u00eatre s\u00fbr que : vous obtenez <strong>un produit<\/strong> adapt\u00e9 <strong>\u00e0 votre besoin<\/strong> et qui remplit sa fonction de mani\u00e8re <strong>compacte<\/strong>, <strong>robuste<\/strong>, <strong>fiable<\/strong> et <strong>efficace<\/strong> du point de vue \u00e9nerg\u00e9tique. En plus, <strong>RENNER<\/strong> vous offre des conseils de premi\u00e8re classe et un <strong>service d\u2019entretien rapide<\/strong> et <strong>g\u00e9n\u00e9ralis\u00e9<\/strong>, dans le monde entier ! D\u2019ailleurs, cela ne s\u2019applique pas seulement \u00e0 notre sp\u00e9cialit\u00e9, les compresseurs \u00e0 vis, mais \u00e9galement au domaine des compresseurs \u00e0 piston et de l\u2019air comprim\u00e9 sans huile \u2013 <strong>made in Germany.<\/strong><\/p>\n<\/div>\n<\/div>\n<\/div>\n<p><strong>HSC<\/strong> distribue leurs <strong>compresseurs<\/strong> ainsi que les <strong>produits de traitement d&rsquo;air<\/strong>, les <strong>syst\u00e8mes de contr\u00f4les<\/strong> et les <strong>r\u00e9servoirs<\/strong> avec les <strong>flexibles<\/strong>.<\/p>\n<p><span style=\"color: #339966;\"><strong>Ci dessous un aper\u00e7u des compresseurs :<\/strong><\/span><\/p>\n<table style=\"width: 100%; border-collapse: collapse; border-style: hidden;\" border=\"1\">\n<tbody>\n<tr style=\"height: 23px;\">\n<td style=\"width: 50%; border-style: hidden; height: 23px; text-align: center;\"><strong>Entrainement direct :\u00a0<\/strong><br \/>\nRS-D, RSF-D \u2013 11 \u00e0 355 KW<img loading=\"lazy\" decoding=\"async\" class=\"size-full wp-image-2073 alignnone aligncenter\" src=\"http:\/\/www.hydroservice.fr\/wp-content\/uploads\/photo-compresseur-a-entrainement-direct.png\" alt=\"\" width=\"235\" height=\"208\" srcset=\"http:\/\/www.hydroservice.fr\/wp-content\/uploads\/photo-compresseur-a-entrainement-direct.png 235w, http:\/\/www.hydroservice.fr\/wp-content\/uploads\/photo-compresseur-a-entrainement-direct-100x89.png 100w\" sizes=\"(max-width: 235px) 100vw, 235px\" \/><\/td>\n<td style=\"width: 50%; border-style: hidden; height: 23px; text-align: center;\"><strong>Compresseur \u00e0 piston :\u00a0<\/strong><br \/>\nREKO \u2013 1.5 \u00e0 4 KW\u00a0 \u00a0 \u00a0 \u00a0 \u00a0RIKO \u2013 4 \u00e0 5,5 KW<img loading=\"lazy\" decoding=\"async\" class=\"size-full wp-image-2075 alignnone\" src=\"http:\/\/www.hydroservice.fr\/wp-content\/uploads\/photo-compresseur-a-piston-2.png\" alt=\"\" width=\"207\" height=\"185\" srcset=\"http:\/\/www.hydroservice.fr\/wp-content\/uploads\/photo-compresseur-a-piston-2.png 207w, http:\/\/www.hydroservice.fr\/wp-content\/uploads\/photo-compresseur-a-piston-2-100x89.png 100w\" sizes=\"(max-width: 207px) 100vw, 207px\" \/> <img loading=\"lazy\" decoding=\"async\" class=\"alignnone  wp-image-2074\" src=\"http:\/\/www.hydroservice.fr\/wp-content\/uploads\/photo-compresseur-a-piston-1.png\" alt=\"\" width=\"176\" height=\"185\" srcset=\"http:\/\/www.hydroservice.fr\/wp-content\/uploads\/photo-compresseur-a-piston-1.png 199w, http:\/\/www.hydroservice.fr\/wp-content\/uploads\/photo-compresseur-a-piston-1-100x105.png 100w\" sizes=\"(max-width: 176px) 100vw, 176px\" \/><\/td>\n<\/tr>\n<\/tbody>\n<\/table>\n<table style=\"width: 100%; border-collapse: collapse; border-style: hidden;\" border=\"1\">\n<tbody>\n<tr>\n<td style=\"width: 56.5477%; border-style: hidden;\">\n<p style=\"text-align: center;\"><strong>Compresseur \u00e0 vis :\u00a0<\/strong><\/p>\n<p style=\"text-align: center;\">RSB, RSDB, RSDKB \u2013 2,2 \u00e0 11 KW<br \/>\nRSPRO, RSFPRO, RSKFPRO \u2013 3 \u00e0 55 KW<\/p>\n<p style=\"text-align: center;\"><img loading=\"lazy\" decoding=\"async\" class=\"size-full wp-image-2077 alignnone\" src=\"http:\/\/www.hydroservice.fr\/wp-content\/uploads\/photo-compresseur-a-vis-2.png\" alt=\"\" width=\"187\" height=\"201\" srcset=\"http:\/\/www.hydroservice.fr\/wp-content\/uploads\/photo-compresseur-a-vis-2.png 187w, http:\/\/www.hydroservice.fr\/wp-content\/uploads\/photo-compresseur-a-vis-2-100x107.png 100w\" sizes=\"(max-width: 187px) 100vw, 187px\" \/> \u00a0<img loading=\"lazy\" decoding=\"async\" class=\"wp-image-2076 alignnone\" src=\"http:\/\/www.hydroservice.fr\/wp-content\/uploads\/photo-compresseur-a-vis-1.png\" alt=\"\" width=\"185\" height=\"201\" srcset=\"http:\/\/www.hydroservice.fr\/wp-content\/uploads\/photo-compresseur-a-vis-1.png 188w, http:\/\/www.hydroservice.fr\/wp-content\/uploads\/photo-compresseur-a-vis-1-100x109.png 100w\" sizes=\"(max-width: 185px) 100vw, 185px\" \/><\/p>\n<\/td>\n<td style=\"width: 43.4523%; text-align: center;\"><strong>Sans Huile :\u00a0<\/strong><br \/>\nSLS, SLI, SLMS\u2026<img loading=\"lazy\" decoding=\"async\" class=\"size-full wp-image-2078 aligncenter\" src=\"http:\/\/www.hydroservice.fr\/wp-content\/uploads\/photo-compresseur-sans-huile.png\" alt=\"\" width=\"161\" height=\"202\" srcset=\"http:\/\/www.hydroservice.fr\/wp-content\/uploads\/photo-compresseur-sans-huile.png 161w, http:\/\/www.hydroservice.fr\/wp-content\/uploads\/photo-compresseur-sans-huile-100x125.png 100w\" sizes=\"(max-width: 161px) 100vw, 161px\" \/><\/td>\n<\/tr>\n<\/tbody>\n<\/table>\n<p><span style=\"color: #339966;\"><strong>Ci dessous<\/strong> <strong>aper\u00e7u des produits de traitement d&rsquo;air :<\/strong><\/span><\/p>\n<table style=\"width: 100%; border-collapse: collapse; border-style: hidden;\" border=\"1\">\n<tbody>\n<tr>\n<td style=\"width: 33.3333%;\">\n<p style=\"text-align: center;\"><strong>S\u00e9parateur cyclone :<\/strong><\/p>\n<p>\u00a0<img loading=\"lazy\" decoding=\"async\" class=\"alignnone size-full wp-image-2111 aligncenter\" src=\"http:\/\/www.hydroservice.fr\/wp-content\/uploads\/photo-separateurs-cyclone.png\" alt=\"\" width=\"96\" height=\"189\" \/><\/td>\n<td style=\"width: 33.3333%; border-style: hidden; text-align: center;\">\n<p><strong>Filtre \u00e0 air :<\/strong><\/p>\n<p><img loading=\"lazy\" decoding=\"async\" class=\"alignnone size-full wp-image-2109\" src=\"http:\/\/www.hydroservice.fr\/wp-content\/uploads\/photo-filtre-a-air.png\" alt=\"\" width=\"170\" height=\"199\" srcset=\"http:\/\/www.hydroservice.fr\/wp-content\/uploads\/photo-filtre-a-air.png 170w, http:\/\/www.hydroservice.fr\/wp-content\/uploads\/photo-filtre-a-air-100x117.png 100w\" sizes=\"(max-width: 170px) 100vw, 170px\" \/><\/td>\n<td style=\"width: 33.3333%;\">\n<p style=\"text-align: center;\"><strong>S\u00e9cheur par r\u00e9frig\u00e9ration :\u00a0\u00a0<\/strong><\/p>\n<p><img loading=\"lazy\" decoding=\"async\" class=\"size-full wp-image-2114 aligncenter\" src=\"http:\/\/www.hydroservice.fr\/wp-content\/uploads\/photo-secheur.png\" alt=\"\" width=\"191\" height=\"191\" srcset=\"http:\/\/www.hydroservice.fr\/wp-content\/uploads\/photo-secheur.png 191w, http:\/\/www.hydroservice.fr\/wp-content\/uploads\/photo-secheur-150x150.png 150w, http:\/\/www.hydroservice.fr\/wp-content\/uploads\/photo-secheur-100x100.png 100w\" sizes=\"(max-width: 191px) 100vw, 191px\" \/><\/td>\n<\/tr>\n<\/tbody>\n<\/table>\n<table style=\"width: 100%; border-collapse: collapse; border-style: hidden;\" border=\"1\">\n<tbody>\n<tr>\n<td style=\"width: 33.3333%;\">\n<p style=\"text-align: center;\"><strong>S\u00e9cheur par absorption :\u00a0<\/strong><\/p>\n<p><img loading=\"lazy\" decoding=\"async\" class=\"alignnone size-full wp-image-2115 aligncenter\" src=\"http:\/\/www.hydroservice.fr\/wp-content\/uploads\/photo-secheur-par-absorption.png\" alt=\"\" width=\"129\" height=\"199\" srcset=\"http:\/\/www.hydroservice.fr\/wp-content\/uploads\/photo-secheur-par-absorption.png 129w, http:\/\/www.hydroservice.fr\/wp-content\/uploads\/photo-secheur-par-absorption-100x154.png 100w\" sizes=\"(max-width: 129px) 100vw, 129px\" \/><\/td>\n<td style=\"width: 33.3333%; border-style: hidden;\">\n<p style=\"text-align: center;\"><strong>Absorbeur \u00e0 charbon actif :\u00a0<\/strong><\/p>\n<p><img loading=\"lazy\" decoding=\"async\" class=\"alignnone size-full wp-image-2116 aligncenter\" src=\"http:\/\/www.hydroservice.fr\/wp-content\/uploads\/photo-absorbeur-a-charbon-actif.png\" alt=\"\" width=\"165\" height=\"195\" srcset=\"http:\/\/www.hydroservice.fr\/wp-content\/uploads\/photo-absorbeur-a-charbon-actif.png 165w, http:\/\/www.hydroservice.fr\/wp-content\/uploads\/photo-absorbeur-a-charbon-actif-100x118.png 100w\" sizes=\"(max-width: 165px) 100vw, 165px\" \/><\/td>\n<td style=\"width: 33.3333%;\">\n<p style=\"text-align: center;\"><strong>Purgeur de condensat :\u00a0<\/strong><\/p>\n<p><img loading=\"lazy\" decoding=\"async\" class=\"alignnone size-full wp-image-2110 aligncenter\" src=\"http:\/\/www.hydroservice.fr\/wp-content\/uploads\/photo-purgeur-de-condensat.png\" alt=\"\" width=\"147\" height=\"135\" srcset=\"http:\/\/www.hydroservice.fr\/wp-content\/uploads\/photo-purgeur-de-condensat.png 147w, http:\/\/www.hydroservice.fr\/wp-content\/uploads\/photo-purgeur-de-condensat-100x92.png 100w\" sizes=\"(max-width: 147px) 100vw, 147px\" \/><\/td>\n<\/tr>\n<\/tbody>\n<\/table>\n<table style=\"width: 100%; border-collapse: collapse; border-style: hidden;\" border=\"1\">\n<tbody>\n<tr>\n<td style=\"width: 100%;\">\n<p style=\"text-align: center;\"><strong>S\u00e9parateur huile\/eau :\u00a0<\/strong><\/p>\n<p><img loading=\"lazy\" decoding=\"async\" class=\"alignnone size-full wp-image-2117 aligncenter\" src=\"http:\/\/www.hydroservice.fr\/wp-content\/uploads\/photo-separateur-huile-eau.png\" alt=\"\" width=\"210\" height=\"200\" srcset=\"http:\/\/www.hydroservice.fr\/wp-content\/uploads\/photo-separateur-huile-eau.png 210w, http:\/\/www.hydroservice.fr\/wp-content\/uploads\/photo-separateur-huile-eau-100x95.png 100w\" sizes=\"(max-width: 210px) 100vw, 210px\" \/><\/td>\n<\/tr>\n<\/tbody>\n<\/table>\n<p><strong style=\"font-size: revert; color: initial;\">\u00a0<\/strong><\/p>\n<p><strong><span style=\"color: #339966;\">Informations additionnelles:<\/span><\/strong><\/p>\n<ul>\n<li>Site web: <a href=\"https:\/\/www.renner-kompressoren.de\/fr\/produits\/\">https:\/\/www.renner-kompressoren.de\/fr\/produits\/<\/a><\/li>\n<li>Documentation HSC \/ RENNER: <a href=\"http:\/\/www.hydroservice.fr\/wp-content\/uploads\/HSC-Gamme-RENNER.pdf\">HSC Gamme RENNER<\/a><\/li>\n<\/ul>\n<p style=\"text-align: left;\">\n","protected":false},"excerpt":{"rendered":"<p>COMPRESSEURS MADE IN GERMANY RENNER, fond\u00e9 en 1994, est une marque allemande de\u00a0compresseurs et de traitement d\u2019air. N\u00e9e de la volont\u00e9 de ses fondateurs de r\u00e9pondre aux attentes des clients, que ce soit dans une petite entreprise artisanale ou un [&hellip;]<\/p>\n","protected":false},"author":1,"featured_media":0,"parent":1529,"menu_order":0,"comment_status":"closed","ping_status":"closed","template":"page-templates\/page_fullwidth.php","meta":{"footnotes":""},"_links":{"self":[{"href":"http:\/\/www.hydroservice.fr\/index.php?rest_route=\/wp\/v2\/pages\/1857"}],"collection":[{"href":"http:\/\/www.hydroservice.fr\/index.php?rest_route=\/wp\/v2\/pages"}],"about":[{"href":"http:\/\/www.hydroservice.fr\/index.php?rest_route=\/wp\/v2\/types\/page"}],"author":[{"embeddable":true,"href":"http:\/\/www.hydroservice.fr\/index.php?rest_route=\/wp\/v2\/users\/1"}],"replies":[{"embeddable":true,"href":"http:\/\/www.hydroservice.fr\/index.php?rest_route=%2Fwp%2Fv2%2Fcomments&post=1857"}],"version-history":[{"count":0,"href":"http:\/\/www.hydroservice.fr\/index.php?rest_route=\/wp\/v2\/pages\/1857\/revisions"}],"up":[{"embeddable":true,"href":"http:\/\/www.hydroservice.fr\/index.php?rest_route=\/wp\/v2\/pages\/1529"}],"wp:attachment":[{"href":"http:\/\/www.hydroservice.fr\/index.php?rest_route=%2Fwp%2Fv2%2Fmedia&parent=1857"}],"curies":[{"name":"wp","href":"https:\/\/api.w.org\/{rel}","templated":true}]}}