{"id":1761,"date":"2025-01-20T10:11:02","date_gmt":"2025-01-20T09:11:02","guid":{"rendered":"http:\/\/www.hydroservice.fr\/?page_id=1761"},"modified":"2025-01-20T10:11:02","modified_gmt":"2025-01-20T09:11:02","slug":"aventics-composants-pneumatiques-2","status":"publish","type":"page","link":"http:\/\/www.hydroservice.fr\/?page_id=1761","title":{"rendered":"UNIL OPAL &#8211; Lubrifiants"},"content":{"rendered":"<p style=\"text-align: center;\"><img loading=\"lazy\" decoding=\"async\" class=\"aligncenter wp-image-695 size-medium\" src=\"http:\/\/www.hydroservice.fr\/wp-content\/uploads\/Logo-Unil-Opal-petit-e1599636458755-300x272.jpg\" width=\"300\" height=\"272\" srcset=\"http:\/\/www.hydroservice.fr\/wp-content\/uploads\/Logo-Unil-Opal-petit-e1599636458755-300x272.jpg 300w, http:\/\/www.hydroservice.fr\/wp-content\/uploads\/Logo-Unil-Opal-petit-e1599636458755-360x327.jpg 360w, http:\/\/www.hydroservice.fr\/wp-content\/uploads\/Logo-Unil-Opal-petit-e1599636458755-250x227.jpg 250w, http:\/\/www.hydroservice.fr\/wp-content\/uploads\/Logo-Unil-Opal-petit-e1599636458755-100x91.jpg 100w, http:\/\/www.hydroservice.fr\/wp-content\/uploads\/Logo-Unil-Opal-petit-e1599636458755.jpg 378w\" sizes=\"(max-width: 300px) 100vw, 300px\" \/><\/p>\n<h3><span style=\"color: #008000;\">UN LEADER AU SERVICE DES PROFESSIONNELS<\/span><\/h3>\n<p>Unil Opal con\u00e7oit, <b>fabrique<\/b> et <b>commercialise<\/b> des gammes compl\u00e8tes de <b>lubrifiants<\/b> et services exclusivement \u00e0 destination de <b>professionnels<\/b> r\u00e9partis sur les principaux segments du march\u00e9\u00a0: <b>indust<\/b><\/p>\n<p><a href=\"http:\/\/www.hydroservice.fr\/wp-content\/uploads\/Made_In_France_Stamp-removebg-preview.png\"><img loading=\"lazy\" decoding=\"async\" class=\"wp-image-2329 size-thumbnail alignright\" src=\"http:\/\/www.hydroservice.fr\/wp-content\/uploads\/Made_In_France_Stamp-removebg-preview-150x150.png\" alt=\"\" width=\"150\" height=\"150\" srcset=\"http:\/\/www.hydroservice.fr\/wp-content\/uploads\/Made_In_France_Stamp-removebg-preview-150x150.png 150w, http:\/\/www.hydroservice.fr\/wp-content\/uploads\/Made_In_France_Stamp-removebg-preview-300x300.png 300w, http:\/\/www.hydroservice.fr\/wp-content\/uploads\/Made_In_France_Stamp-removebg-preview-360x360.png 360w, http:\/\/www.hydroservice.fr\/wp-content\/uploads\/Made_In_France_Stamp-removebg-preview-250x250.png 250w, http:\/\/www.hydroservice.fr\/wp-content\/uploads\/Made_In_France_Stamp-removebg-preview-100x100.png 100w, http:\/\/www.hydroservice.fr\/wp-content\/uploads\/Made_In_France_Stamp-removebg-preview.png 499w\" sizes=\"(max-width: 150px) 100vw, 150px\" \/><\/a><\/p>\n<p><b>rie<\/b>, m\u00e9tallurgie, automobile, <b>agriculture, transports, travaux publics <\/b>et <b>biolubrifiants<\/b>.<\/p>\n<p>Avec plus de <strong>35\u00a0000 tonnes<\/strong> de lubrifiants vendues chaque ann\u00e9e, Unil Opal est l\u2019un des leaders fran\u00e7ais des industriels du lubrifiant. Unil Opal est pr\u00e9sent en France avec 4 sites dont le\u00a0principal site de production est situ\u00e9 \u00e0 Saumur (49).<\/p>\n<h3><span style=\"color: #008000;\">UNE ENTREPRISE CITOYENNE, TRIPLEMENT CERTIFI\u00c9E<\/span><\/h3>\n<p>Unil Opal consid\u00e8re la <strong>satisfaction des clients<\/strong>, la <strong>protection de l\u2019environnement<\/strong>, la<strong> s\u00e9curit\u00e9<\/strong> et la <strong>sant\u00e9 du personnel<\/strong> comme faisant partie int\u00e9grante de sa responsabilit\u00e9 au sein de ses activit\u00e9s. L\u2019organisation de la prestation d\u2019Unil Opal s\u2019appuie sur des <strong>principes QSE<\/strong> selon les normes ISO 9001-14001 et OHSAS 18001.<\/p>\n<h3><span style=\"color: #008000;\">DES PRODUITS DE HAUTES TECHNOLOGIES<\/span><\/h3>\n<p>Nos produits r\u00e9pondent aux <strong>exigences technologiques les plus r\u00e9centes<\/strong> et sont le fruit d\u2019une collaboration \u00e9troite et permanente avec de nombreux acteurs de la chimie.<\/p>\n<p>Le laboratoire de recherche veille au maintien d\u2019une <strong>qualit\u00e9<\/strong> toujours <strong>constante et optimum<\/strong>. Sans cesse attentif aux attentes du march\u00e9, il analyse et d\u00e9veloppe de nouvelles formules permettant d\u2019<strong>adapter<\/strong> \u00e0 chaque <strong>professionnel<\/strong> la r\u00e9ponse \u00e0 ses pr\u00e9occupations. Ainsi ce sont <strong>plus d\u2019une centaine<\/strong> de formules nouvelles qui sont d\u00e9velopp\u00e9es <strong>chaque ann\u00e9e<\/strong> contribuant \u00e0 l\u2019am\u00e9lioration continue de leurs gammes.<\/p>\n<h3><span style=\"color: #008000;\">UN LARGE CHOIX DE PRODUITS<\/span><\/h3>\n<p>Avec une <strong>expertise<\/strong> technique av\u00e9r\u00e9e et un <strong>savoir-faire<\/strong> industriel <strong>reconnu<\/strong>, UNIL OPAL propose \u00e0 ses clients un <strong>large choix<\/strong> de conditionnements, afin de r\u00e9pondre au <strong>besoin de chacun<\/strong>. Ainsi que vous soyez <strong>agriculteur<\/strong>, <strong>garagiste<\/strong>, <strong>transporteur<\/strong>, entreprise du <strong>BTP<\/strong> ou <strong>industriel<\/strong>, chacun de vous trouvera la r\u00e9ponse \u00e0 ses besoins dans notre offre de <strong>5000 r\u00e9f\u00e9rences<\/strong>.<\/p>\n<h3><span style=\"color: #008000;\">LA SATISFACTION CLIENT<\/span><\/h3>\n<p>La satisfaction client est au c\u0153ur des <strong>priorit\u00e9s<\/strong> d\u2019UNIL OPAL. Certifi\u00e9 ISO 9001 depuis 1994, l\u2019entreprise met tout en \u0153uvre afin de suivre, <strong>accompagner<\/strong> et <strong>satisfaire<\/strong> le client dep<a href=\"http:\/\/www.hydroservice.fr\/wp-content\/uploads\/Capture-decran-2025-01-20-100039.png\"><img loading=\"lazy\" decoding=\"async\" class=\" wp-image-2330 alignright\" src=\"http:\/\/www.hydroservice.fr\/wp-content\/uploads\/Capture-decran-2025-01-20-100039-150x150.png\" alt=\"\" width=\"70\" height=\"70\" \/><\/a>uis la premi\u00e8re prise de contact jusqu\u2019\u00e0 la livraison des produits.<\/p>\n<p>&nbsp;<\/p>\n<p>UNIL OPAL\u00a0<strong>offre<\/strong>\u00a0\u00e0 sa client\u00e8le une\u00a0<strong>assistance personnalis\u00e9e<\/strong>, souple et\u00a0<strong>r\u00e9active<\/strong>\u00a0et propose des\u00a0<strong>formations techniques<\/strong>\u00a0\u00e0 la lubrification.<\/p>\n<p>&nbsp;<\/p>\n<h3><\/h3>\n<div id='gallery-1' class='gallery galleryid-1761 gallery-columns-4 gallery-size-medium'><figure class='gallery-item'>\n\t\t\t<div class='gallery-icon landscape'>\n\t\t\t\t<img loading=\"lazy\" decoding=\"async\" width=\"225\" height=\"225\" src=\"http:\/\/www.hydroservice.fr\/wp-content\/uploads\/Unil-Opal-Aerosol.jpeg\" class=\"attachment-medium size-medium\" alt=\"\" srcset=\"http:\/\/www.hydroservice.fr\/wp-content\/uploads\/Unil-Opal-Aerosol.jpeg 225w, http:\/\/www.hydroservice.fr\/wp-content\/uploads\/Unil-Opal-Aerosol-150x150.jpeg 150w, http:\/\/www.hydroservice.fr\/wp-content\/uploads\/Unil-Opal-Aerosol-100x100.jpeg 100w\" sizes=\"(max-width: 225px) 100vw, 225px\" \/>\n\t\t\t<\/div><\/figure><figure class='gallery-item'>\n\t\t\t<div class='gallery-icon landscape'>\n\t\t\t\t<img loading=\"lazy\" decoding=\"async\" width=\"225\" height=\"225\" src=\"http:\/\/www.hydroservice.fr\/wp-content\/uploads\/Unil-Opal-Bidon-5L.jpeg\" class=\"attachment-medium size-medium\" alt=\"\" srcset=\"http:\/\/www.hydroservice.fr\/wp-content\/uploads\/Unil-Opal-Bidon-5L.jpeg 225w, http:\/\/www.hydroservice.fr\/wp-content\/uploads\/Unil-Opal-Bidon-5L-150x150.jpeg 150w, http:\/\/www.hydroservice.fr\/wp-content\/uploads\/Unil-Opal-Bidon-5L-100x100.jpeg 100w\" sizes=\"(max-width: 225px) 100vw, 225px\" \/>\n\t\t\t<\/div><\/figure><figure class='gallery-item'>\n\t\t\t<div class='gallery-icon landscape'>\n\t\t\t\t<img loading=\"lazy\" decoding=\"async\" width=\"225\" height=\"225\" src=\"http:\/\/www.hydroservice.fr\/wp-content\/uploads\/images.jpeg\" class=\"attachment-medium size-medium\" alt=\"\" srcset=\"http:\/\/www.hydroservice.fr\/wp-content\/uploads\/images.jpeg 225w, http:\/\/www.hydroservice.fr\/wp-content\/uploads\/images-150x150.jpeg 150w, http:\/\/www.hydroservice.fr\/wp-content\/uploads\/images-100x100.jpeg 100w\" sizes=\"(max-width: 225px) 100vw, 225px\" \/>\n\t\t\t<\/div><\/figure><figure class='gallery-item'>\n\t\t\t<div class='gallery-icon landscape'>\n\t\t\t\t<img loading=\"lazy\" decoding=\"async\" width=\"266\" height=\"190\" src=\"http:\/\/www.hydroservice.fr\/wp-content\/uploads\/Unil-Opla.jpeg\" class=\"attachment-medium size-medium\" alt=\"\" srcset=\"http:\/\/www.hydroservice.fr\/wp-content\/uploads\/Unil-Opla.jpeg 266w, http:\/\/www.hydroservice.fr\/wp-content\/uploads\/Unil-Opla-250x179.jpeg 250w, http:\/\/www.hydroservice.fr\/wp-content\/uploads\/Unil-Opla-100x71.jpeg 100w\" sizes=\"(max-width: 266px) 100vw, 266px\" \/>\n\t\t\t<\/div><\/figure>\n\t\t<\/div>\n\n<p><span style=\"text-decoration: underline; color: #008000;\">Informations additionnelles:<\/span><\/p>\n<ul>\n<li>Site web:\u00a0<a href=\"https:\/\/www.unil-opal.com\/\">https:\/\/www.unil-opal.com\/<\/a><\/li>\n<li>Flyer HSC Unil Opal<\/li>\n<\/ul>\n<p><span style=\"text-decoration: underline; color: #008000;\">Documentations:<\/span><\/p>\n<ul>\n<li>Toutes les documentations: <a href=\"https:\/\/www.unil-opal.com\/documentation\/\">https:\/\/www.unil-opal.com\/documentation\/<\/a><\/li>\n<li>Lubrifiants pour SYST\u00c8MES HYDRAULIQUES \u2014\u00a0<a href=\"https:\/\/www.unil-opal.com\/wp-content\/uploads\/2017\/04\/UO-300-576-D-HYDRAULIQUE_web.pdf\" target=\"_blank\" rel=\"noopener noreferrer\">Gamme automotive<\/a><\/li>\n<li>Industrie \u2013\u00a0<a title=\"Plaquette industrie\" href=\"https:\/\/www.unil-opal.com\/wp-content\/uploads\/2017\/04\/UO-300-598-A-Plaquette-industrie-web.pdf\" target=\"_blank\" rel=\"noopener noreferrer\">Plaquette industrie<\/a><\/li>\n<li>GRAISSES \u2014\u00a0<a href=\"http:\/\/www.unil-opal.com\/wp-content\/uploads\/2018\/01\/GRAISSE-FR-UO-300-593-B-.pdf\" target=\"_blank\" rel=\"noopener noreferrer\">Gamme AUTOMOTIVE &amp; INDUSTRIE<\/a><\/li>\n<li>A\u00c9ROSOLS \u2014\u00a0<a title=\"A\u00e9rosols automotive\" href=\"http:\/\/www.unil-opal.com\/wp-content\/uploads\/2017\/04\/UO-300.538-G-FLYER-AEROSOLS.pdf\" target=\"_blank\" rel=\"noopener noreferrer\">Gamme automotive<\/a><\/li>\n<li>Lubrifiants BIODEGRADABLES \u2014\u00a0<a title=\"Lubrifiants biod\u00e9gradables\" href=\"http:\/\/www.unil-opal.com\/wp-content\/uploads\/2017\/04\/UO-300.591-A-PLAQUETTE-GAMME-BIO.pdf\" target=\"_blank\" rel=\"noopener noreferrer\">Gamme bio<\/a><\/li>\n<li>ANDEROL \u2014\u00a0<a title=\"ANDEROL INDUSTRIES AGRO ALIMENTAIRES\" href=\"http:\/\/www.unil-opal.com\/wp-content\/uploads\/2017\/10\/UO-300-595-A-LUBRIFIANTS-INDUSTRIE-AGRO-ALIMENTAIRES-FR-BD.pdf\" target=\"_blank\" rel=\"noopener noreferrer\">Industries Agro-alimentaires<\/a><\/li>\n<\/ul>\n","protected":false},"excerpt":{"rendered":"<p>UN LEADER AU SERVICE DES PROFESSIONNELS Unil Opal con\u00e7oit, fabrique et commercialise des gammes compl\u00e8tes de lubrifiants et services exclusivement \u00e0 destination de professionnels r\u00e9partis sur les principaux segments du march\u00e9\u00a0: indust rie, m\u00e9tallurgie, automobile, agriculture, transports, travaux publics et [&hellip;]<\/p>\n","protected":false},"author":1,"featured_media":0,"parent":1529,"menu_order":0,"comment_status":"closed","ping_status":"closed","template":"page-templates\/page_fullwidth.php","meta":{"footnotes":""},"_links":{"self":[{"href":"http:\/\/www.hydroservice.fr\/index.php?rest_route=\/wp\/v2\/pages\/1761"}],"collection":[{"href":"http:\/\/www.hydroservice.fr\/index.php?rest_route=\/wp\/v2\/pages"}],"about":[{"href":"http:\/\/www.hydroservice.fr\/index.php?rest_route=\/wp\/v2\/types\/page"}],"author":[{"embeddable":true,"href":"http:\/\/www.hydroservice.fr\/index.php?rest_route=\/wp\/v2\/users\/1"}],"replies":[{"embeddable":true,"href":"http:\/\/www.hydroservice.fr\/index.php?rest_route=%2Fwp%2Fv2%2Fcomments&post=1761"}],"version-history":[{"count":0,"href":"http:\/\/www.hydroservice.fr\/index.php?rest_route=\/wp\/v2\/pages\/1761\/revisions"}],"up":[{"embeddable":true,"href":"http:\/\/www.hydroservice.fr\/index.php?rest_route=\/wp\/v2\/pages\/1529"}],"wp:attachment":[{"href":"http:\/\/www.hydroservice.fr\/index.php?rest_route=%2Fwp%2Fv2%2Fmedia&parent=1761"}],"curies":[{"name":"wp","href":"https:\/\/api.w.org\/{rel}","templated":true}]}}