{"id":1529,"date":"2020-02-24T22:24:23","date_gmt":"2020-02-24T21:24:23","guid":{"rendered":"http:\/\/www.hydroservice.fr\/?page_id=1529"},"modified":"2025-01-20T11:37:00","modified_gmt":"2025-01-20T10:37:00","slug":"partenaires-principaux","status":"publish","type":"page","link":"http:\/\/www.hydroservice.fr\/?page_id=1529","title":{"rendered":"Partenaires Principaux"},"content":{"rendered":"<div class=\"wp-block-media-text alignwide\">\n<div class=\"wp-block-media-text__content\">\n<p style=\"font-size: 18px;\">\n<\/div>\n<\/div>\n<h2>Hydro Service Concept a toujours nou\u00e9 des <strong>partenariats de distribution<\/strong> avec les <strong>leaders<\/strong> de leurs domaines :<\/h2>\n<p>&nbsp;<\/p>\n<table style=\"border-collapse: collapse; width: 100%;\" border=\"1\">\n<tbody>\n<tr style=\"border-style: none;\">\n<td style=\"width: 33.3333%; height: 37px; text-align: center; border-style: solid;\">\n<p><a href=\"http:\/\/www.hydroservice.fr\/?page_id=1522\"><img loading=\"lazy\" decoding=\"async\" class=\"aligncenter wp-image-410 size-full\" src=\"http:\/\/www.hydroservice.fr\/wp-content\/uploads\/cropped-Pall_Corporation_logo-e1582576976359.png\" alt=\"\" width=\"200\" height=\"97\" \/><\/a><\/p>\n<p><a href=\"http:\/\/www.hydroservice.fr\/?page_id=1522\">PALL <\/a>&#8211; Leader Mondial Filtration Hydraulique Filtration, D\u00e9pollution, S\u00e9paration, Purification.<\/td>\n<td style=\"width: 33.3333%; height: 37px; text-align: center; border-style: solid;\">\n<p><a href=\"http:\/\/www.hydroservice.fr\/?page_id=1393\"><img loading=\"lazy\" decoding=\"async\" class=\"aligncenter\" src=\"http:\/\/www.hydroservice.fr\/wp-content\/uploads\/Logo-Rexroth-e1582577044576.png\" alt=\"\" width=\"238\" height=\"95\" \/><\/a><\/p>\n<p><a href=\"http:\/\/www.hydroservice.fr\/?page_id=1393\">REXROTH <\/a>&#8211; Composants Hydrauliques Pompes, Moteurs, Distributions, V\u00e9rins, Filtration, Accumulateurs.<\/td>\n<td style=\"width: 33.3333%; height: 37px; text-align: center; border-style: solid;\">\n<p><a href=\"http:\/\/www.hydroservice.fr\/?page_id=2182\"><img loading=\"lazy\" decoding=\"async\" class=\"aligncenter wp-image-314\" src=\"http:\/\/www.hydroservice.fr\/wp-content\/uploads\/te\u0301le\u0301chargement-e1582577844471.png\" alt=\"\" width=\"235\" height=\"96\" \/><\/a><\/p>\n<p><a href=\"http:\/\/www.hydroservice.fr\/?page_id=2182\">PARKER <\/a>&#8211; Composants et Connectique Hydrauliques Pompes, Moteurs, Distributions, Filtration, Accumulateurs, V\u00e9rins,\u00a0 Flexibles, Embouts.<\/td>\n<\/tr>\n<tr style=\"border-style: none;\">\n<td style=\"width: 33.3333%; height: 88px; text-align: center; border-style: solid;\">\n<p><a href=\"http:\/\/www.hydroservice.fr\/?page_id=1421\"><img loading=\"lazy\" decoding=\"async\" class=\"aligncenter wp-image-308 size-medium\" src=\"http:\/\/www.hydroservice.fr\/wp-content\/uploads\/Logo-HYDROLEDUC-300x110.jpg\" alt=\"\" width=\"300\" height=\"110\" \/><\/a><\/p>\n<p><a href=\"http:\/\/www.hydroservice.fr\/?page_id=1421\">HYDROLEDUC <\/a>&#8211; Pompes et Moteurs<\/td>\n<td style=\"width: 33.3333%; height: 88px; text-align: center; border-style: solid;\">\n<p><a href=\"http:\/\/www.hydroservice.fr\/?page_id=1788\"><img loading=\"lazy\" decoding=\"async\" class=\"aligncenter wp-image-309\" src=\"http:\/\/www.hydroservice.fr\/wp-content\/uploads\/te\u0301le\u0301chargement-1-e1582578745917.png\" alt=\"\" width=\"280\" height=\"91\" \/><\/a><\/p>\n<p><a href=\"http:\/\/www.hydroservice.fr\/?page_id=1788\">HAWE <\/a>&#8211;\u00a0Composants Hydrauliques<\/td>\n<td style=\"width: 33.3333%; height: 88px; text-align: center; border-style: solid;\">\n<p><a href=\"http:\/\/www.hydroservice.fr\/?page_id=2336\"><img loading=\"lazy\" decoding=\"async\" class=\"alignnone wp-image-2337 size-full\" src=\"http:\/\/www.hydroservice.fr\/wp-content\/uploads\/Capture-decran-2025-01-20-102851.png\" alt=\"\" width=\"311\" height=\"105\" srcset=\"http:\/\/www.hydroservice.fr\/wp-content\/uploads\/Capture-decran-2025-01-20-102851.png 311w, http:\/\/www.hydroservice.fr\/wp-content\/uploads\/Capture-decran-2025-01-20-102851-300x101.png 300w, http:\/\/www.hydroservice.fr\/wp-content\/uploads\/Capture-decran-2025-01-20-102851-250x84.png 250w, http:\/\/www.hydroservice.fr\/wp-content\/uploads\/Capture-decran-2025-01-20-102851-100x34.png 100w\" sizes=\"(max-width: 311px) 100vw, 311px\" \/><\/a><\/p>\n<p><a href=\"http:\/\/www.hydroservice.fr\/?page_id=2336\">EATON<\/a> &#8211; Coupleurs<\/td>\n<\/tr>\n<tr style=\"border-style: none;\">\n<td style=\"width: 33.3333%; height: 154px; text-align: center; border-style: solid;\">\n<p><a href=\"http:\/\/www.hydroservice.fr\/?page_id=1425\"><img loading=\"lazy\" decoding=\"async\" class=\"aligncenter wp-image-2270\" src=\"http:\/\/www.hydroservice.fr\/wp-content\/uploads\/Capture-decran-2025-01-09-103651.png\" alt=\"\" width=\"135\" height=\"118\" srcset=\"http:\/\/www.hydroservice.fr\/wp-content\/uploads\/Capture-decran-2025-01-09-103651.png 245w, http:\/\/www.hydroservice.fr\/wp-content\/uploads\/Capture-decran-2025-01-09-103651-100x87.png 100w\" sizes=\"(max-width: 135px) 100vw, 135px\" \/><\/a><\/p>\n<p><a href=\"http:\/\/www.hydroservice.fr\/?page_id=1425\">AVENTICS <\/a>&#8211; Composants Pneumatiques V\u00e9rins, Traitement Air, R\u00e9gulation.<\/td>\n<td style=\"width: 33.3333%; height: 154px; text-align: center; border-style: solid;\">\n<p><a href=\"http:\/\/www.hydroservice.fr\/?page_id=2279\"><img loading=\"lazy\" decoding=\"async\" class=\"aligncenter wp-image-315\" src=\"http:\/\/www.hydroservice.fr\/wp-content\/uploads\/Buerkert_Logo_CMYK_Subline-for-print-e1582579138692.jpg\" alt=\"\" width=\"268\" height=\"102\" \/><\/a><\/p>\n<p><a href=\"http:\/\/www.hydroservice.fr\/?page_id=2279\">BURKERT<\/a> &#8211; R\u00e9gulation des fluides Vannes, Electrovanne, Mesures.<\/td>\n<td style=\"width: 33.3333%; height: 154px; text-align: center; border-style: solid;\">\n<p>&nbsp;<\/p>\n<p><a href=\"http:\/\/www.hydroservice.fr\/?page_id=1367\"><img loading=\"lazy\" decoding=\"async\" class=\"aligncenter wp-image-2277\" src=\"http:\/\/www.hydroservice.fr\/wp-content\/uploads\/Capture-decran-2025-01-09-113959.png\" alt=\"\" width=\"460\" height=\"114\" srcset=\"http:\/\/www.hydroservice.fr\/wp-content\/uploads\/Capture-decran-2025-01-09-113959.png 444w, http:\/\/www.hydroservice.fr\/wp-content\/uploads\/Capture-decran-2025-01-09-113959-300x74.png 300w, http:\/\/www.hydroservice.fr\/wp-content\/uploads\/Capture-decran-2025-01-09-113959-360x89.png 360w, http:\/\/www.hydroservice.fr\/wp-content\/uploads\/Capture-decran-2025-01-09-113959-250x62.png 250w, http:\/\/www.hydroservice.fr\/wp-content\/uploads\/Capture-decran-2025-01-09-113959-100x25.png 100w\" sizes=\"(max-width: 460px) 100vw, 460px\" \/><\/a><a href=\"http:\/\/www.hydroservice.fr\/?page_id=1367\">PREVOST <\/a>&#8211; Connectique Pneumatique Raccords, Outillages, R\u00e9seau d&rsquo;Air<\/td>\n<\/tr>\n<tr style=\"border-style: none;\">\n<td style=\"width: 33.3333%; height: 130px; text-align: center; border-style: solid;\">\n<p><a href=\"http:\/\/www.hydroservice.fr\/?page_id=1364\"><img loading=\"lazy\" decoding=\"async\" class=\"aligncenter wp-image-552\" src=\"http:\/\/www.hydroservice.fr\/wp-content\/uploads\/Schmalz-e1582579236714.png\" alt=\"\" width=\"225\" height=\"97\" \/><\/a><\/p>\n<p><a href=\"http:\/\/www.hydroservice.fr\/?page_id=1364\">SCHMALZ <\/a>&#8211; Pr\u00e9hension par le vide Venturi, Ventouse, Pr\u00e9henseur Sp\u00e9ciaux.<\/td>\n<td style=\"width: 33.3333%; height: 130px; text-align: center; border-style: solid;\">\n<p><a href=\"http:\/\/www.hydroservice.fr\/?page_id=1857\"><img loading=\"lazy\" decoding=\"async\" class=\"aligncenter wp-image-2058\" src=\"http:\/\/www.hydroservice.fr\/wp-content\/uploads\/logo-renner-e1678976295202.jpeg\" alt=\"\" width=\"291\" height=\"115\" srcset=\"http:\/\/www.hydroservice.fr\/wp-content\/uploads\/logo-renner-e1678976295202.jpeg 235w, http:\/\/www.hydroservice.fr\/wp-content\/uploads\/logo-renner-e1678976295202-100x40.jpeg 100w\" sizes=\"(max-width: 291px) 100vw, 291px\" \/><\/a><\/p>\n<p><a href=\"http:\/\/www.hydroservice.fr\/?page_id=1857\">RENNER <\/a>&#8211; Compresseurs pneumatiques<\/td>\n<td style=\"width: 33.3333%; height: 130px; text-align: center; border-style: solid;\">\n<p><a href=\"http:\/\/www.hydroservice.fr\/?page_id=1761\"><img loading=\"lazy\" decoding=\"async\" class=\"aligncenter wp-image-2269\" src=\"http:\/\/www.hydroservice.fr\/wp-content\/uploads\/Capture-decran-2025-01-09-103503-150x150.png\" alt=\"\" width=\"115\" height=\"115\" \/><\/a><\/p>\n<p><a href=\"http:\/\/www.hydroservice.fr\/?page_id=1761\">UNIL OPAL<\/a> &#8211; Huile hydraulique<\/td>\n<\/tr>\n<\/tbody>\n<\/table>\n<p>&nbsp;<\/p>\n","protected":false},"excerpt":{"rendered":"<p>Hydro Service Concept a toujours nou\u00e9 des partenariats de distribution avec les leaders de leurs domaines : &nbsp; PALL &#8211; Leader Mondial Filtration Hydraulique Filtration, D\u00e9pollution, S\u00e9paration, Purification. REXROTH &#8211; Composants Hydrauliques Pompes, Moteurs, Distributions, V\u00e9rins, Filtration, Accumulateurs. PARKER &#8211; [&hellip;]<\/p>\n","protected":false},"author":1,"featured_media":0,"parent":542,"menu_order":0,"comment_status":"closed","ping_status":"closed","template":"page-templates\/page_fullwidth.php","meta":{"footnotes":""},"_links":{"self":[{"href":"http:\/\/www.hydroservice.fr\/index.php?rest_route=\/wp\/v2\/pages\/1529"}],"collection":[{"href":"http:\/\/www.hydroservice.fr\/index.php?rest_route=\/wp\/v2\/pages"}],"about":[{"href":"http:\/\/www.hydroservice.fr\/index.php?rest_route=\/wp\/v2\/types\/page"}],"author":[{"embeddable":true,"href":"http:\/\/www.hydroservice.fr\/index.php?rest_route=\/wp\/v2\/users\/1"}],"replies":[{"embeddable":true,"href":"http:\/\/www.hydroservice.fr\/index.php?rest_route=%2Fwp%2Fv2%2Fcomments&post=1529"}],"version-history":[{"count":0,"href":"http:\/\/www.hydroservice.fr\/index.php?rest_route=\/wp\/v2\/pages\/1529\/revisions"}],"up":[{"embeddable":true,"href":"http:\/\/www.hydroservice.fr\/index.php?rest_route=\/wp\/v2\/pages\/542"}],"wp:attachment":[{"href":"http:\/\/www.hydroservice.fr\/index.php?rest_route=%2Fwp%2Fv2%2Fmedia&parent=1529"}],"curies":[{"name":"wp","href":"https:\/\/api.w.org\/{rel}","templated":true}]}}