{"id":1421,"date":"2020-02-24T22:29:11","date_gmt":"2020-02-24T21:29:11","guid":{"rendered":"http:\/\/www.hydroservice.fr\/?page_id=1421"},"modified":"2020-02-27T18:24:20","modified_gmt":"2020-02-27T17:24:20","slug":"hydro-leduc-pompes-moteurs-et-accumulateurs","status":"publish","type":"page","link":"http:\/\/www.hydroservice.fr\/?page_id=1421","title":{"rendered":"HYDRO LEDUC &#8211; Pompes, Moteurs et Accumulateurs"},"content":{"rendered":"<p><img loading=\"lazy\" decoding=\"async\" class=\"aligncenter wp-image-308 size-medium\" src=\"http:\/\/www.hydroservice.fr\/wp-content\/uploads\/Logo-HYDROLEDUC-300x110.jpg\" width=\"300\" height=\"110\" \/><\/p>\n<p style=\"text-align: center;\"><span style=\"color: #000000;\"><strong>MAKE IT SIMPLE<\/strong><\/span><\/p>\n<p>La soci\u00e9t\u00e9 Hydro Leduc est sp\u00e9cialis\u00e9e dans la conception et la fabrication de pompes \u00e0 pistons, de moteurs hydrauliques, d&rsquo;accumulateurs hydropneumatiques et de composants hydrauliques sur mesure.<br \/>\nDisposant de longues ann\u00e9es d&rsquo;exp\u00e9rience dans les m\u00e9tiers de l&rsquo;hydrom\u00e9canique, les acteurs de Hydro Leduc, pionniers dans de nombreux domaines \u2010 plus de 150 brevets d\u00e9pos\u00e9s et valid\u00e9s \u2010 mettent leur savoir\u2010faire \u00e0 votre service.<\/p>\n<p><strong>HSC<\/strong> distribue toute la gamme Hydro Leduc.<\/p>\n<p>Quelques exemples de produits:<\/p>\n<ul>\n<li>Pompes \u00e0 pistons XPI<\/li>\n<li>Pompes \u00e0 pistons PAC<\/li>\n<li>Moteur MSI<\/li>\n<li>Accumulateurs \u00e0 vessie ABVE<\/li>\n<\/ul>\n<div id='gallery-1' class='gallery galleryid-1421 gallery-columns-2 gallery-size-full'><figure class='gallery-item'>\n\t\t\t<div class='gallery-icon landscape'>\n\t\t\t\t<img loading=\"lazy\" decoding=\"async\" width=\"300\" height=\"194\" src=\"http:\/\/www.hydroservice.fr\/wp-content\/uploads\/LEDUC-XPI.png\" class=\"attachment-full size-full\" alt=\"\" aria-describedby=\"gallery-1-1422\" srcset=\"http:\/\/www.hydroservice.fr\/wp-content\/uploads\/LEDUC-XPI.png 300w, http:\/\/www.hydroservice.fr\/wp-content\/uploads\/LEDUC-XPI-250x162.png 250w, http:\/\/www.hydroservice.fr\/wp-content\/uploads\/LEDUC-XPI-100x65.png 100w\" sizes=\"(max-width: 300px) 100vw, 300px\" \/>\n\t\t\t<\/div>\n\t\t\t\t<figcaption class='wp-caption-text gallery-caption' id='gallery-1-1422'>\n\t\t\t\tPompe \u00e0 piston XPI\n\t\t\t\t<\/figcaption><\/figure><figure class='gallery-item'>\n\t\t\t<div class='gallery-icon landscape'>\n\t\t\t\t<img loading=\"lazy\" decoding=\"async\" width=\"5664\" height=\"3177\" src=\"http:\/\/www.hydroservice.fr\/wp-content\/uploads\/3pa.png\" class=\"attachment-full size-full\" alt=\"\" aria-describedby=\"gallery-1-677\" srcset=\"http:\/\/www.hydroservice.fr\/wp-content\/uploads\/3pa.png 5664w, http:\/\/www.hydroservice.fr\/wp-content\/uploads\/3pa-300x168.png 300w, http:\/\/www.hydroservice.fr\/wp-content\/uploads\/3pa-768x431.png 768w, http:\/\/www.hydroservice.fr\/wp-content\/uploads\/3pa-1024x574.png 1024w, http:\/\/www.hydroservice.fr\/wp-content\/uploads\/3pa-700x393.png 700w, http:\/\/www.hydroservice.fr\/wp-content\/uploads\/3pa-520x292.png 520w, http:\/\/www.hydroservice.fr\/wp-content\/uploads\/3pa-360x202.png 360w, http:\/\/www.hydroservice.fr\/wp-content\/uploads\/3pa-250x140.png 250w, http:\/\/www.hydroservice.fr\/wp-content\/uploads\/3pa-100x56.png 100w\" sizes=\"(max-width: 5664px) 100vw, 5664px\" \/>\n\t\t\t<\/div>\n\t\t\t\t<figcaption class='wp-caption-text gallery-caption' id='gallery-1-677'>\n\t\t\t\tPompes \u00e0 pistons PA &#8211; PAC &#8211; PAD\n\t\t\t\t<\/figcaption><\/figure><figure class='gallery-item'>\n\t\t\t<div class='gallery-icon landscape'>\n\t\t\t\t<img loading=\"lazy\" decoding=\"async\" width=\"300\" height=\"240\" src=\"http:\/\/www.hydroservice.fr\/wp-content\/uploads\/moteur-variable-MVSI108-e1560432422459.png\" class=\"attachment-full size-full\" alt=\"\" aria-describedby=\"gallery-1-676\" \/>\n\t\t\t<\/div>\n\t\t\t\t<figcaption class='wp-caption-text gallery-caption' id='gallery-1-676'>\n\t\t\t\tMoteur MSI\n\t\t\t\t<\/figcaption><\/figure><figure class='gallery-item'>\n\t\t\t<div class='gallery-icon landscape'>\n\t\t\t\t<img loading=\"lazy\" decoding=\"async\" width=\"432\" height=\"313\" src=\"http:\/\/www.hydroservice.fr\/wp-content\/uploads\/hydroleduc_accumulators-sans-fond.png\" class=\"attachment-full size-full\" alt=\"\" aria-describedby=\"gallery-1-675\" srcset=\"http:\/\/www.hydroservice.fr\/wp-content\/uploads\/hydroleduc_accumulators-sans-fond.png 432w, http:\/\/www.hydroservice.fr\/wp-content\/uploads\/hydroleduc_accumulators-sans-fond-300x217.png 300w, http:\/\/www.hydroservice.fr\/wp-content\/uploads\/hydroleduc_accumulators-sans-fond-360x261.png 360w, http:\/\/www.hydroservice.fr\/wp-content\/uploads\/hydroleduc_accumulators-sans-fond-250x181.png 250w, http:\/\/www.hydroservice.fr\/wp-content\/uploads\/hydroleduc_accumulators-sans-fond-100x72.png 100w\" sizes=\"(max-width: 432px) 100vw, 432px\" \/>\n\t\t\t<\/div>\n\t\t\t\t<figcaption class='wp-caption-text gallery-caption' id='gallery-1-675'>\n\t\t\t\tAccumulateurs\n\t\t\t\t<\/figcaption><\/figure>\n\t\t<\/div>\n\n<p>Informations additionnelles:<\/p>\n<ul>\n<li>Site web:\u00a0<a href=\"http:\/\/www.hydroleduc.com\/fr\/\">http:\/\/www.hydroleduc.com\/fr\/<\/a><\/li>\n<li>Flyer <a href=\"http:\/\/www.hydroservice.fr\/wp-content\/uploads\/HSC_Gamme_HydroLeduc.pdf\">HSC-HYDRO LEDUC<\/a><\/li>\n<\/ul>\n<p>Documentations:<\/p>\n<ul>\n<li><a href=\"http:\/\/www.hydroservice.fr\/wp-content\/uploads\/hydroleduc_pompes_camion_fr.pdf\">Pompes \u00e0 pistons Poids Lourds<\/a><\/li>\n<li style=\"list-style-type: none;\"><\/li>\n<li><a href=\"http:\/\/www.hydroservice.fr\/wp-content\/uploads\/hydroleduc_accu_fr.pdf\">Accumulateurs<\/a><\/li>\n<li><a href=\"http:\/\/www.hydroservice.fr\/wp-content\/uploads\/hydroleduc_moteurs-hydrauliques_fr.pdf\">Moteurs Hydrauliques<\/a><\/li>\n<\/ul>\n","protected":false},"excerpt":{"rendered":"<p>MAKE IT SIMPLE La soci\u00e9t\u00e9 Hydro Leduc est sp\u00e9cialis\u00e9e dans la conception et la fabrication de pompes \u00e0 pistons, de moteurs hydrauliques, d&rsquo;accumulateurs hydropneumatiques et de composants hydrauliques sur mesure. Disposant de longues ann\u00e9es d&rsquo;exp\u00e9rience dans les m\u00e9tiers de l&rsquo;hydrom\u00e9canique, [&hellip;]<\/p>\n","protected":false},"author":1,"featured_media":0,"parent":1529,"menu_order":0,"comment_status":"closed","ping_status":"closed","template":"page-templates\/page_fullwidth.php","meta":{"footnotes":""},"_links":{"self":[{"href":"http:\/\/www.hydroservice.fr\/index.php?rest_route=\/wp\/v2\/pages\/1421"}],"collection":[{"href":"http:\/\/www.hydroservice.fr\/index.php?rest_route=\/wp\/v2\/pages"}],"about":[{"href":"http:\/\/www.hydroservice.fr\/index.php?rest_route=\/wp\/v2\/types\/page"}],"author":[{"embeddable":true,"href":"http:\/\/www.hydroservice.fr\/index.php?rest_route=\/wp\/v2\/users\/1"}],"replies":[{"embeddable":true,"href":"http:\/\/www.hydroservice.fr\/index.php?rest_route=%2Fwp%2Fv2%2Fcomments&post=1421"}],"version-history":[{"count":0,"href":"http:\/\/www.hydroservice.fr\/index.php?rest_route=\/wp\/v2\/pages\/1421\/revisions"}],"up":[{"embeddable":true,"href":"http:\/\/www.hydroservice.fr\/index.php?rest_route=\/wp\/v2\/pages\/1529"}],"wp:attachment":[{"href":"http:\/\/www.hydroservice.fr\/index.php?rest_route=%2Fwp%2Fv2%2Fmedia&parent=1421"}],"curies":[{"name":"wp","href":"https:\/\/api.w.org\/{rel}","templated":true}]}}