{"id":1367,"date":"2020-02-24T22:32:26","date_gmt":"2020-02-24T21:32:26","guid":{"rendered":"http:\/\/www.hydroservice.fr\/?page_id=1367"},"modified":"2020-02-27T18:22:05","modified_gmt":"2020-02-27T17:22:05","slug":"prevost-connectique-pneumatique","status":"publish","type":"page","link":"http:\/\/www.hydroservice.fr\/?page_id=1367","title":{"rendered":"PREVOST &#8211; Connectique Pneumatique"},"content":{"rendered":"<p><img loading=\"lazy\" decoding=\"async\" class=\"aligncenter wp-image-554 size-medium\" src=\"http:\/\/www.hydroservice.fr\/wp-content\/uploads\/Prevost_logo_JPEG_Bleu-300x66.jpg\" width=\"300\" height=\"66\" \/><\/p>\n<p style=\"text-align: center;\">SAVOIR-FAIRE &amp; INNOVATION<\/p>\n<p>&nbsp;<\/p>\n<p>Depuis plus de 40 ans, PREVOST con\u00e7oit, d\u00e9veloppe, fabrique et commercialise une offre compl\u00e8te permettant la <strong>distribution de l\u2019air comprim\u00e9 et de fluides<\/strong> : r\u00e9seaux avec <strong>raccords de s\u00e9curit\u00e9<\/strong>, solutions de filtration, \u00e9quipements pneumatiques.<\/p>\n<p>PREVOST est devenu le partenaire de r\u00e9f\u00e9rence des industries utilisant les \u00e9nergies pneumatiques et hydrauliques.<\/p>\n<p>Chaque jour, l\u2019ensemble des \u00e9quipes PREVOST s\u2019engagent pour ouvrir de nouvelles perspectives \u00e0\u00a0ses clients :<\/p>\n<ul>\n<li>par <strong>l\u2019innovation<\/strong> et la recherche constante d\u2019<strong>axes d\u2019am\u00e9liorations<\/strong>,<\/li>\n<li>par la <strong>qualit\u00e9 des produits<\/strong>, des <strong>conseils<\/strong> et des <strong>services<\/strong>.<\/li>\n<\/ul>\n<p>Connect\u00e9 \u00e0 l\u2019<strong>innovation:<\/strong><\/p>\n<ul>\n<li>Le d\u00e9veloppement technologique<\/li>\n<li>La recherche de la meilleure utilisation de nos produits<\/li>\n<\/ul>\n<p>Connect\u00e9 aux <strong>exigences des diff\u00e9rentes industries<\/strong>:<\/p>\n<ul>\n<li>Industrie automobile<\/li>\n<li>Maintenance automobile<\/li>\n<li>Plasturgie<\/li>\n<li>Industrie du bois<\/li>\n<li>Industrie textile<\/li>\n<li>Industrie agroalimentaire \u200b<\/li>\n<\/ul>\n<p>Connect\u00e9 \u00e0 nos <strong>services<\/strong>:<\/p>\n<ul>\n<li>Une logistique performante<\/li>\n<li>Un service technique \u00e0 l\u2019\u00e9tude de vos r\u00e9seaux<\/li>\n<li>Un centre de formation \u00e0 votre disposition<\/li>\n<li>Un SAV performant et disponible<\/li>\n<li>Une for ce de vente dynamique et r\u00e9active<\/li>\n<li>Un service marketing qui vous accompagne dans le d\u00e9veloppement de votre activit\u00e9<\/li>\n<\/ul>\n<p><strong>HSC<\/strong> distribue principalement les gammes CONNEXION (Raccords, Coupleurs) et DISTRIBUTION (Enrouleurs, Souflettes, R\u00e9seau profil\u00e9).<\/p>\n<p>Quelques exemples de produits:<\/p>\n<ul>\n<li>Coupleur ISO-B, ISO-C<\/li>\n<li>Raccord instantan\u00e9s<\/li>\n<li>Enrouleur (DRF08-12IS) et soufflettes pneumatiques<\/li>\n<li>R\u00e9seau Air Comprim\u00e9 Aluminium PPS. HSC peut aussi proc\u00e9der au dimensionnement et \u00e0 l&rsquo;installation du r\u00e9seau.<\/li>\n<\/ul>\n<div id='gallery-1' class='gallery galleryid-1367 gallery-columns-3 gallery-size-medium'><figure class='gallery-item'>\n\t\t\t<div class='gallery-icon landscape'>\n\t\t\t\t<img loading=\"lazy\" decoding=\"async\" width=\"300\" height=\"300\" src=\"http:\/\/www.hydroservice.fr\/wp-content\/uploads\/Prevost-ISOB-300x300.jpeg\" class=\"attachment-medium size-medium\" alt=\"\" aria-describedby=\"gallery-1-1414\" srcset=\"http:\/\/www.hydroservice.fr\/wp-content\/uploads\/Prevost-ISOB-300x300.jpeg 300w, http:\/\/www.hydroservice.fr\/wp-content\/uploads\/Prevost-ISOB-150x150.jpeg 150w, http:\/\/www.hydroservice.fr\/wp-content\/uploads\/Prevost-ISOB-360x360.jpeg 360w, http:\/\/www.hydroservice.fr\/wp-content\/uploads\/Prevost-ISOB-250x250.jpeg 250w, http:\/\/www.hydroservice.fr\/wp-content\/uploads\/Prevost-ISOB-100x100.jpeg 100w, http:\/\/www.hydroservice.fr\/wp-content\/uploads\/Prevost-ISOB-e1560429271917.jpeg 200w\" sizes=\"(max-width: 300px) 100vw, 300px\" \/>\n\t\t\t<\/div>\n\t\t\t\t<figcaption class='wp-caption-text gallery-caption' id='gallery-1-1414'>\n\t\t\t\tRaccord Rapide\n\t\t\t\t<\/figcaption><\/figure><figure class='gallery-item'>\n\t\t\t<div class='gallery-icon landscape'>\n\t\t\t\t<img loading=\"lazy\" decoding=\"async\" width=\"300\" height=\"283\" src=\"http:\/\/www.hydroservice.fr\/wp-content\/uploads\/Prevost-Enrouleur-e1582582490962-300x283.png\" class=\"attachment-medium size-medium\" alt=\"\" aria-describedby=\"gallery-1-1413\" srcset=\"http:\/\/www.hydroservice.fr\/wp-content\/uploads\/Prevost-Enrouleur-e1582582490962-300x283.png 300w, http:\/\/www.hydroservice.fr\/wp-content\/uploads\/Prevost-Enrouleur-e1582582490962-520x491.png 520w, http:\/\/www.hydroservice.fr\/wp-content\/uploads\/Prevost-Enrouleur-e1582582490962-360x340.png 360w, http:\/\/www.hydroservice.fr\/wp-content\/uploads\/Prevost-Enrouleur-e1582582490962-250x236.png 250w, http:\/\/www.hydroservice.fr\/wp-content\/uploads\/Prevost-Enrouleur-e1582582490962-100x94.png 100w, http:\/\/www.hydroservice.fr\/wp-content\/uploads\/Prevost-Enrouleur-e1582582490962.png 525w\" sizes=\"(max-width: 300px) 100vw, 300px\" \/>\n\t\t\t<\/div>\n\t\t\t\t<figcaption class='wp-caption-text gallery-caption' id='gallery-1-1413'>\n\t\t\t\tEnrouleur\n\t\t\t\t<\/figcaption><\/figure><figure class='gallery-item'>\n\t\t\t<div class='gallery-icon landscape'>\n\t\t\t\t<img loading=\"lazy\" decoding=\"async\" width=\"300\" height=\"212\" src=\"http:\/\/www.hydroservice.fr\/wp-content\/uploads\/Prevost-PPS-300x212.jpg\" class=\"attachment-medium size-medium\" alt=\"\" srcset=\"http:\/\/www.hydroservice.fr\/wp-content\/uploads\/Prevost-PPS-300x212.jpg 300w, http:\/\/www.hydroservice.fr\/wp-content\/uploads\/Prevost-PPS-768x543.jpg 768w, http:\/\/www.hydroservice.fr\/wp-content\/uploads\/Prevost-PPS-700x495.jpg 700w, http:\/\/www.hydroservice.fr\/wp-content\/uploads\/Prevost-PPS-520x367.jpg 520w, http:\/\/www.hydroservice.fr\/wp-content\/uploads\/Prevost-PPS-360x254.jpg 360w, http:\/\/www.hydroservice.fr\/wp-content\/uploads\/Prevost-PPS-250x177.jpg 250w, http:\/\/www.hydroservice.fr\/wp-content\/uploads\/Prevost-PPS-100x71.jpg 100w, http:\/\/www.hydroservice.fr\/wp-content\/uploads\/Prevost-PPS.jpg 900w\" sizes=\"(max-width: 300px) 100vw, 300px\" \/>\n\t\t\t<\/div><\/figure>\n\t\t<\/div>\n\n<p>Informations additionnelles:<\/p>\n<ul>\n<li>Site web:\u00a0<a href=\"https:\/\/www.raccordsprevost.fr\">https:\/\/www.raccordsprevost.fr<\/a><\/li>\n<li><a href=\"https:\/\/www.raccordsprevost.fr\/documentation.html\">Documentation PREVOST<\/a><\/li>\n<\/ul>\n<p>Documentations:<\/p>\n<ul>\n<li><a href=\"http:\/\/www.hydroservice.fr\/wp-content\/uploads\/PPS_DOC17F.pdf\">PPS: R\u00e9seau tout Aluminium<\/a><\/li>\n<li><a href=\"http:\/\/www.hydroservice.fr\/wp-content\/uploads\/Enrouleurs_Prevost_FR.pdf\">DR: Enrouleurs<\/a><\/li>\n<li><a href=\"http:\/\/www.hydroservice.fr\/wp-content\/uploads\/AT_DOC_14F.pdf\">Outils pneumatiques<\/a><\/li>\n<li><a href=\"http:\/\/www.hydroservice.fr\/wp-content\/uploads\/BGS1_DOC15F.pdf\">BGS: Souflettes<\/a><\/li>\n<li><a href=\"http:\/\/www.hydroservice.fr\/wp-content\/uploads\/PREVO-S1_DOC13F.pdf\">S1: Raccords de s\u00e9curit\u00e9<\/a><\/li>\n<\/ul>\n","protected":false},"excerpt":{"rendered":"<p>SAVOIR-FAIRE &amp; INNOVATION &nbsp; Depuis plus de 40 ans, PREVOST con\u00e7oit, d\u00e9veloppe, fabrique et commercialise une offre compl\u00e8te permettant la distribution de l\u2019air comprim\u00e9 et de fluides : r\u00e9seaux avec raccords de s\u00e9curit\u00e9, solutions de filtration, \u00e9quipements pneumatiques. PREVOST est [&hellip;]<\/p>\n","protected":false},"author":1,"featured_media":0,"parent":1529,"menu_order":0,"comment_status":"closed","ping_status":"closed","template":"page-templates\/page_fullwidth.php","meta":{"footnotes":""},"_links":{"self":[{"href":"http:\/\/www.hydroservice.fr\/index.php?rest_route=\/wp\/v2\/pages\/1367"}],"collection":[{"href":"http:\/\/www.hydroservice.fr\/index.php?rest_route=\/wp\/v2\/pages"}],"about":[{"href":"http:\/\/www.hydroservice.fr\/index.php?rest_route=\/wp\/v2\/types\/page"}],"author":[{"embeddable":true,"href":"http:\/\/www.hydroservice.fr\/index.php?rest_route=\/wp\/v2\/users\/1"}],"replies":[{"embeddable":true,"href":"http:\/\/www.hydroservice.fr\/index.php?rest_route=%2Fwp%2Fv2%2Fcomments&post=1367"}],"version-history":[{"count":0,"href":"http:\/\/www.hydroservice.fr\/index.php?rest_route=\/wp\/v2\/pages\/1367\/revisions"}],"up":[{"embeddable":true,"href":"http:\/\/www.hydroservice.fr\/index.php?rest_route=\/wp\/v2\/pages\/1529"}],"wp:attachment":[{"href":"http:\/\/www.hydroservice.fr\/index.php?rest_route=%2Fwp%2Fv2%2Fmedia&parent=1367"}],"curies":[{"name":"wp","href":"https:\/\/api.w.org\/{rel}","templated":true}]}}